{"id":283,"date":"2022-03-08T17:12:38","date_gmt":"2022-03-08T20:12:38","guid":{"rendered":"https:\/\/imaginatica.com.br\/?page_id=283"},"modified":"2022-04-01T14:31:07","modified_gmt":"2022-04-01T17:31:07","slug":"faztec","status":"publish","type":"page","link":"https:\/\/imaginatica.com.br\/index.php\/faztec\/","title":{"rendered":"Faztec"},"content":{"rendered":"\t\t<div data-elementor-type=\"wp-page\" data-elementor-id=\"283\" class=\"elementor elementor-283\" data-elementor-post-type=\"page\">\n\t\t\t\t\t\t<section class=\"elementor-section elementor-top-section elementor-element elementor-element-dd053c4 elementor-section-full_width elementor-section-stretched elementor-section-height-default elementor-section-height-default\" data-id=\"dd053c4\" data-element_type=\"section\" data-settings=\"{&quot;stretch_section&quot;:&quot;section-stretched&quot;}\">\n\t\t\t\t\t\t<div class=\"elementor-container elementor-column-gap-default\">\n\t\t\t\t\t<div class=\"elementor-column elementor-col-33 elementor-top-column elementor-element elementor-element-b36df3c\" data-id=\"b36df3c\" data-element_type=\"column\">\n\t\t\t<div class=\"elementor-widget-wrap elementor-element-populated\">\n\t\t\t\t\t\t<div class=\"elementor-element elementor-element-f55bda0 e-transform elementor-widget elementor-widget-image\" data-id=\"f55bda0\" data-element_type=\"widget\" data-settings=\"{&quot;_transform_scale_effect_hover&quot;:{&quot;unit&quot;:&quot;px&quot;,&quot;size&quot;:1.05,&quot;sizes&quot;:[]},&quot;_transform_scale_effect_hover_tablet&quot;:{&quot;unit&quot;:&quot;px&quot;,&quot;size&quot;:&quot;&quot;,&quot;sizes&quot;:[]},&quot;_transform_scale_effect_hover_mobile&quot;:{&quot;unit&quot;:&quot;px&quot;,&quot;size&quot;:&quot;&quot;,&quot;sizes&quot;:[]}}\" data-widget_type=\"image.default\">\n\t\t\t\t<div class=\"elementor-widget-container\">\n\t\t\t\t\t\t\t\t\t\t\t\t\t\t<a href=\"https:\/\/imaginatica.com.br\/index.php\/logotipo\/\">\n\t\t\t\t\t\t\t<img fetchpriority=\"high\" decoding=\"async\" width=\"1024\" height=\"1024\" src=\"https:\/\/imaginatica.com.br\/wp-content\/uploads\/2022\/04\/logo-mockup-1024x1024.jpg\" class=\"attachment-large size-large wp-image-1150\" alt=\"\" srcset=\"https:\/\/imaginatica.com.br\/wp-content\/uploads\/2022\/04\/logo-mockup-1024x1024.jpg 1024w, https:\/\/imaginatica.com.br\/wp-content\/uploads\/2022\/04\/logo-mockup-300x300.jpg 300w, https:\/\/imaginatica.com.br\/wp-content\/uploads\/2022\/04\/logo-mockup-150x150.jpg 150w, https:\/\/imaginatica.com.br\/wp-content\/uploads\/2022\/04\/logo-mockup-768x768.jpg 768w, https:\/\/imaginatica.com.br\/wp-content\/uploads\/2022\/04\/logo-mockup-1536x1536.jpg 1536w, https:\/\/imaginatica.com.br\/wp-content\/uploads\/2022\/04\/logo-mockup-2048x2048.jpg 2048w, https:\/\/imaginatica.com.br\/wp-content\/uploads\/2022\/04\/logo-mockup-920x920.jpg 920w, https:\/\/imaginatica.com.br\/wp-content\/uploads\/2022\/04\/logo-mockup-230x230.jpg 230w, https:\/\/imaginatica.com.br\/wp-content\/uploads\/2022\/04\/logo-mockup-350x350.jpg 350w, https:\/\/imaginatica.com.br\/wp-content\/uploads\/2022\/04\/logo-mockup-480x480.jpg 480w\" sizes=\"(max-width: 1024px) 100vw, 1024px\" \/>\t\t\t\t\t\t\t\t<\/a>\n\t\t\t\t\t\t\t\t\t\t\t\t\t<\/div>\n\t\t\t\t<\/div>\n\t\t\t\t<div class=\"elementor-element elementor-element-21e30ee elementor-widget elementor-widget-heading\" data-id=\"21e30ee\" data-element_type=\"widget\" data-widget_type=\"heading.default\">\n\t\t\t\t<div class=\"elementor-widget-container\">\n\t\t\t<h3 class=\"elementor-heading-title elementor-size-default\">Logotipo<\/h3>\t\t<\/div>\n\t\t\t\t<\/div>\n\t\t\t\t<div class=\"elementor-element elementor-element-9993129 elementor-widget elementor-widget-text-editor\" data-id=\"9993129\" data-element_type=\"widget\" data-widget_type=\"text-editor.default\">\n\t\t\t\t<div class=\"elementor-widget-container\">\n\t\t\t\t\t\t\t<p>Na cria\u00e7\u00e3o do logo usamos uma fonte que une o minimalismo e o futurista, trazendo uma tipografia sofisticada e que remetesse ao luxo. Os tons b\u00e1sicos e o fundo em vermelho remetem a for\u00e7a poder e desejo.<\/p>\t\t\t\t\t\t<\/div>\n\t\t\t\t<\/div>\n\t\t\t\t<div class=\"elementor-element elementor-element-1b6976d elementor-widget elementor-widget-spacer\" data-id=\"1b6976d\" data-element_type=\"widget\" data-widget_type=\"spacer.default\">\n\t\t\t\t<div class=\"elementor-widget-container\">\n\t\t\t\t\t<div class=\"elementor-spacer\">\n\t\t\t<div class=\"elementor-spacer-inner\"><\/div>\n\t\t<\/div>\n\t\t\t\t<\/div>\n\t\t\t\t<\/div>\n\t\t\t\t<div class=\"elementor-element elementor-element-954b5f6 elementor-button-info elementor-align-center elementor-widget elementor-widget-button\" data-id=\"954b5f6\" data-element_type=\"widget\" data-widget_type=\"button.default\">\n\t\t\t\t<div class=\"elementor-widget-container\">\n\t\t\t\t\t\t\t<div class=\"elementor-button-wrapper\">\n\t\t\t\t\t<a class=\"elementor-button elementor-button-link elementor-size-sm\" href=\"https:\/\/imaginatica.com.br\/index.php\/logotipo\/\">\n\t\t\t\t\t\t<span class=\"elementor-button-content-wrapper\">\n\t\t\t\t\t\t\t\t\t<span class=\"elementor-button-text\">Veja mais<\/span>\n\t\t\t\t\t<\/span>\n\t\t\t\t\t<\/a>\n\t\t\t\t<\/div>\n\t\t\t\t\t\t<\/div>\n\t\t\t\t<\/div>\n\t\t\t\t\t<\/div>\n\t\t<\/div>\n\t\t\t\t<div class=\"elementor-column elementor-col-33 elementor-top-column elementor-element elementor-element-ab664b6\" data-id=\"ab664b6\" data-element_type=\"column\">\n\t\t\t<div class=\"elementor-widget-wrap elementor-element-populated\">\n\t\t\t\t\t\t<div class=\"elementor-element elementor-element-e89a57f e-transform elementor-widget elementor-widget-image\" data-id=\"e89a57f\" data-element_type=\"widget\" data-settings=\"{&quot;_transform_scale_effect_hover&quot;:{&quot;unit&quot;:&quot;px&quot;,&quot;size&quot;:1.05,&quot;sizes&quot;:[]},&quot;_transform_scale_effect_hover_tablet&quot;:{&quot;unit&quot;:&quot;px&quot;,&quot;size&quot;:&quot;&quot;,&quot;sizes&quot;:[]},&quot;_transform_scale_effect_hover_mobile&quot;:{&quot;unit&quot;:&quot;px&quot;,&quot;size&quot;:&quot;&quot;,&quot;sizes&quot;:[]}}\" data-widget_type=\"image.default\">\n\t\t\t\t<div class=\"elementor-widget-container\">\n\t\t\t\t\t\t\t\t\t\t\t\t\t\t<a href=\"https:\/\/imaginatica.com.br\/index.php\/linkedin\/\">\n\t\t\t\t\t\t\t<img decoding=\"async\" width=\"2048\" height=\"2048\" src=\"https:\/\/imaginatica.com.br\/wp-content\/uploads\/2022\/04\/linkedin-2048x2048.jpg\" class=\"attachment-2048x2048 size-2048x2048 wp-image-1149\" alt=\"\" srcset=\"https:\/\/imaginatica.com.br\/wp-content\/uploads\/2022\/04\/linkedin-2048x2048.jpg 2048w, https:\/\/imaginatica.com.br\/wp-content\/uploads\/2022\/04\/linkedin-300x300.jpg 300w, https:\/\/imaginatica.com.br\/wp-content\/uploads\/2022\/04\/linkedin-1024x1024.jpg 1024w, https:\/\/imaginatica.com.br\/wp-content\/uploads\/2022\/04\/linkedin-150x150.jpg 150w, https:\/\/imaginatica.com.br\/wp-content\/uploads\/2022\/04\/linkedin-768x768.jpg 768w, https:\/\/imaginatica.com.br\/wp-content\/uploads\/2022\/04\/linkedin-1536x1536.jpg 1536w, https:\/\/imaginatica.com.br\/wp-content\/uploads\/2022\/04\/linkedin-920x920.jpg 920w, https:\/\/imaginatica.com.br\/wp-content\/uploads\/2022\/04\/linkedin-230x230.jpg 230w, https:\/\/imaginatica.com.br\/wp-content\/uploads\/2022\/04\/linkedin-350x350.jpg 350w, https:\/\/imaginatica.com.br\/wp-content\/uploads\/2022\/04\/linkedin-480x480.jpg 480w\" sizes=\"(max-width: 2048px) 100vw, 2048px\" \/>\t\t\t\t\t\t\t\t<\/a>\n\t\t\t\t\t\t\t\t\t\t\t\t\t<\/div>\n\t\t\t\t<\/div>\n\t\t\t\t<div class=\"elementor-element elementor-element-1ee665b elementor-widget elementor-widget-heading\" data-id=\"1ee665b\" data-element_type=\"widget\" data-widget_type=\"heading.default\">\n\t\t\t\t<div class=\"elementor-widget-container\">\n\t\t\t<h3 class=\"elementor-heading-title elementor-size-default\">LinkedIn<\/h3>\t\t<\/div>\n\t\t\t\t<\/div>\n\t\t\t\t<div class=\"elementor-element elementor-element-e585592 elementor-widget elementor-widget-text-editor\" data-id=\"e585592\" data-element_type=\"widget\" data-widget_type=\"text-editor.default\">\n\t\t\t\t<div class=\"elementor-widget-container\">\n\t\t\t\t\t\t\t<p>Feito do zero, a p\u00e1gina da Faztec n\u00e3o traz somente posts de venda. Decidimos por fazer uma p\u00e1gina cheia de conte\u00fados mostrando o dia a dia do trabalho e trazendo tamb\u00e9m uma parte mais t\u00e9cnica das obras com o objetivo de posicionar a marca. Al\u00e9m disso n\u00f3s nos adaptamos a mudan\u00e7as de estrat\u00e9gias para melhor atender as necessidades do cliente e para melhor performance.<\/p>\t\t\t\t\t\t<\/div>\n\t\t\t\t<\/div>\n\t\t\t\t<div class=\"elementor-element elementor-element-e5b8fe0 elementor-button-info elementor-align-center elementor-widget elementor-widget-button\" data-id=\"e5b8fe0\" data-element_type=\"widget\" data-widget_type=\"button.default\">\n\t\t\t\t<div class=\"elementor-widget-container\">\n\t\t\t\t\t\t\t<div class=\"elementor-button-wrapper\">\n\t\t\t\t\t<a class=\"elementor-button elementor-button-link elementor-size-sm\" href=\"https:\/\/imaginatica.com.br\/index.php\/linkedin\/\">\n\t\t\t\t\t\t<span class=\"elementor-button-content-wrapper\">\n\t\t\t\t\t\t\t\t\t<span class=\"elementor-button-text\">Veja mais<\/span>\n\t\t\t\t\t<\/span>\n\t\t\t\t\t<\/a>\n\t\t\t\t<\/div>\n\t\t\t\t\t\t<\/div>\n\t\t\t\t<\/div>\n\t\t\t\t\t<\/div>\n\t\t<\/div>\n\t\t\t\t<div class=\"elementor-column elementor-col-33 elementor-top-column elementor-element elementor-element-69fcff1\" data-id=\"69fcff1\" data-element_type=\"column\">\n\t\t\t<div class=\"elementor-widget-wrap elementor-element-populated\">\n\t\t\t\t\t\t<div class=\"elementor-element elementor-element-6cfa01e e-transform elementor-widget elementor-widget-image\" data-id=\"6cfa01e\" data-element_type=\"widget\" data-settings=\"{&quot;_transform_scale_effect_hover&quot;:{&quot;unit&quot;:&quot;px&quot;,&quot;size&quot;:1.05,&quot;sizes&quot;:[]},&quot;_transform_scale_effect_hover_tablet&quot;:{&quot;unit&quot;:&quot;px&quot;,&quot;size&quot;:&quot;&quot;,&quot;sizes&quot;:[]},&quot;_transform_scale_effect_hover_mobile&quot;:{&quot;unit&quot;:&quot;px&quot;,&quot;size&quot;:&quot;&quot;,&quot;sizes&quot;:[]}}\" data-widget_type=\"image.default\">\n\t\t\t\t<div class=\"elementor-widget-container\">\n\t\t\t\t\t\t\t\t\t\t\t\t\t\t<a href=\"https:\/\/faztec.com.br\/\">\n\t\t\t\t\t\t\t<img decoding=\"async\" width=\"1024\" height=\"1024\" src=\"https:\/\/imaginatica.com.br\/wp-content\/uploads\/2022\/03\/arte_site_novo-scaled-e1647287141434-1024x1024.jpg\" class=\"attachment-large size-large wp-image-423\" alt=\"\" srcset=\"https:\/\/imaginatica.com.br\/wp-content\/uploads\/2022\/03\/arte_site_novo-scaled-e1647287141434-1024x1024.jpg 1024w, https:\/\/imaginatica.com.br\/wp-content\/uploads\/2022\/03\/arte_site_novo-scaled-e1647287141434-300x300.jpg 300w, https:\/\/imaginatica.com.br\/wp-content\/uploads\/2022\/03\/arte_site_novo-scaled-e1647287141434-150x150.jpg 150w, https:\/\/imaginatica.com.br\/wp-content\/uploads\/2022\/03\/arte_site_novo-scaled-e1647287141434-768x768.jpg 768w, https:\/\/imaginatica.com.br\/wp-content\/uploads\/2022\/03\/arte_site_novo-scaled-e1647287141434-1536x1536.jpg 1536w, https:\/\/imaginatica.com.br\/wp-content\/uploads\/2022\/03\/arte_site_novo-scaled-e1647287141434-920x920.jpg 920w, https:\/\/imaginatica.com.br\/wp-content\/uploads\/2022\/03\/arte_site_novo-scaled-e1647287141434-230x230.jpg 230w, https:\/\/imaginatica.com.br\/wp-content\/uploads\/2022\/03\/arte_site_novo-scaled-e1647287141434-350x350.jpg 350w, https:\/\/imaginatica.com.br\/wp-content\/uploads\/2022\/03\/arte_site_novo-scaled-e1647287141434-480x480.jpg 480w, https:\/\/imaginatica.com.br\/wp-content\/uploads\/2022\/03\/arte_site_novo-scaled-e1647287141434.jpg 1708w\" sizes=\"(max-width: 1024px) 100vw, 1024px\" \/>\t\t\t\t\t\t\t\t<\/a>\n\t\t\t\t\t\t\t\t\t\t\t\t\t<\/div>\n\t\t\t\t<\/div>\n\t\t\t\t<div class=\"elementor-element elementor-element-0e34851 elementor-widget elementor-widget-heading\" data-id=\"0e34851\" data-element_type=\"widget\" data-widget_type=\"heading.default\">\n\t\t\t\t<div class=\"elementor-widget-container\">\n\t\t\t<h3 class=\"elementor-heading-title elementor-size-default\">Site<\/h3>\t\t<\/div>\n\t\t\t\t<\/div>\n\t\t\t\t<div class=\"elementor-element elementor-element-2cd99b9 elementor-widget elementor-widget-text-editor\" data-id=\"2cd99b9\" data-element_type=\"widget\" data-widget_type=\"text-editor.default\">\n\t\t\t\t<div class=\"elementor-widget-container\">\n\t\t\t\t\t\t\t<p>Pensamos no site seguindo a linha minimalista e sofisticada, trazendo as mesmas cores e tons do logo. O site \u00e9 de f\u00e1cil entendimento do conte\u00fado, responsivo, se adaptando a diferentes plataformas como: mobile, tablets ou Web. \u00a0Al\u00e9m do design o site conta com um formul\u00e1rio para capta\u00e7\u00e3o de leads.<\/p>\t\t\t\t\t\t<\/div>\n\t\t\t\t<\/div>\n\t\t\t\t<div class=\"elementor-element elementor-element-92b7976 elementor-button-info elementor-align-center elementor-widget elementor-widget-button\" data-id=\"92b7976\" data-element_type=\"widget\" data-widget_type=\"button.default\">\n\t\t\t\t<div class=\"elementor-widget-container\">\n\t\t\t\t\t\t\t<div class=\"elementor-button-wrapper\">\n\t\t\t\t\t<a class=\"elementor-button elementor-button-link elementor-size-sm\" href=\"https:\/\/faztec.com.br\/\">\n\t\t\t\t\t\t<span class=\"elementor-button-content-wrapper\">\n\t\t\t\t\t\t\t\t\t<span class=\"elementor-button-text\">Veja mais<\/span>\n\t\t\t\t\t<\/span>\n\t\t\t\t\t<\/a>\n\t\t\t\t<\/div>\n\t\t\t\t\t\t<\/div>\n\t\t\t\t<\/div>\n\t\t\t\t\t<\/div>\n\t\t<\/div>\n\t\t\t\t\t<\/div>\n\t\t<\/section>\n\t\t\t\t<\/div>\n\t\t","protected":false},"excerpt":{"rendered":"<p>Logotipo Na cria\u00e7\u00e3o do logo usamos uma fonte que une o minimalismo e o futurista, trazendo uma tipografia sofisticada e que remetesse [&hellip;]<\/p>\n","protected":false},"author":1,"featured_media":0,"parent":0,"menu_order":0,"comment_status":"closed","ping_status":"closed","template":"elementor_header_footer","meta":{"footnotes":""},"class_list":["post-283","page","type-page","status-publish","hentry"],"yoast_head":"<!-- This site is optimized with the Yoast SEO plugin v23.7 - https:\/\/yoast.com\/wordpress\/plugins\/seo\/ -->\n<title>Imagin\u00e1tica Comunica\u00e7\u00e3o- Ag\u00eancia de Marketing Digital<\/title>\n<meta name=\"robots\" content=\"index, follow, max-snippet:-1, max-image-preview:large, max-video-preview:-1\" \/>\n<link rel=\"canonical\" href=\"https:\/\/imaginatica.com.br\/index.php\/faztec\/\" \/>\n<meta property=\"og:locale\" content=\"pt_BR\" \/>\n<meta property=\"og:type\" content=\"article\" \/>\n<meta property=\"og:title\" content=\"Imagin\u00e1tica Comunica\u00e7\u00e3o- Ag\u00eancia de Marketing Digital\" \/>\n<meta property=\"og:description\" content=\"Logotipo Na cria\u00e7\u00e3o do logo usamos uma fonte que une o minimalismo e o futurista, trazendo uma tipografia sofisticada e que remetesse [&hellip;]\" \/>\n<meta property=\"og:url\" content=\"https:\/\/imaginatica.com.br\/index.php\/faztec\/\" \/>\n<meta property=\"og:site_name\" content=\"Imagin\u00e1tica Comunica\u00e7\u00e3o\" \/>\n<meta property=\"article:modified_time\" content=\"2022-04-01T17:31:07+00:00\" \/>\n<meta property=\"og:image\" content=\"https:\/\/imaginatica.com.br\/wp-content\/uploads\/2022\/04\/logo-mockup-1024x1024.jpg\" \/>\n<meta name=\"twitter:card\" content=\"summary_large_image\" \/>\n<meta name=\"twitter:label1\" content=\"Est. tempo de leitura\" \/>\n\t<meta name=\"twitter:data1\" content=\"1 minuto\" \/>\n<script type=\"application\/ld+json\" class=\"yoast-schema-graph\">{\"@context\":\"https:\/\/schema.org\",\"@graph\":[{\"@type\":\"WebPage\",\"@id\":\"https:\/\/imaginatica.com.br\/index.php\/faztec\/\",\"url\":\"https:\/\/imaginatica.com.br\/index.php\/faztec\/\",\"name\":\"Imagin\u00e1tica Comunica\u00e7\u00e3o- Ag\u00eancia de Marketing Digital\",\"isPartOf\":{\"@id\":\"https:\/\/imaginatica.com.br\/#website\"},\"primaryImageOfPage\":{\"@id\":\"https:\/\/imaginatica.com.br\/index.php\/faztec\/#primaryimage\"},\"image\":{\"@id\":\"https:\/\/imaginatica.com.br\/index.php\/faztec\/#primaryimage\"},\"thumbnailUrl\":\"https:\/\/imaginatica.com.br\/wp-content\/uploads\/2022\/04\/logo-mockup-1024x1024.jpg\",\"datePublished\":\"2022-03-08T20:12:38+00:00\",\"dateModified\":\"2022-04-01T17:31:07+00:00\",\"breadcrumb\":{\"@id\":\"https:\/\/imaginatica.com.br\/index.php\/faztec\/#breadcrumb\"},\"inLanguage\":\"pt-BR\",\"potentialAction\":[{\"@type\":\"ReadAction\",\"target\":[\"https:\/\/imaginatica.com.br\/index.php\/faztec\/\"]}]},{\"@type\":\"ImageObject\",\"inLanguage\":\"pt-BR\",\"@id\":\"https:\/\/imaginatica.com.br\/index.php\/faztec\/#primaryimage\",\"url\":\"https:\/\/imaginatica.com.br\/wp-content\/uploads\/2022\/04\/logo-mockup-1024x1024.jpg\",\"contentUrl\":\"https:\/\/imaginatica.com.br\/wp-content\/uploads\/2022\/04\/logo-mockup-1024x1024.jpg\"},{\"@type\":\"BreadcrumbList\",\"@id\":\"https:\/\/imaginatica.com.br\/index.php\/faztec\/#breadcrumb\",\"itemListElement\":[{\"@type\":\"ListItem\",\"position\":1,\"name\":\"In\u00edcio\",\"item\":\"https:\/\/imaginatica.com.br\/\"},{\"@type\":\"ListItem\",\"position\":2,\"name\":\"Faztec\"}]},{\"@type\":\"WebSite\",\"@id\":\"https:\/\/imaginatica.com.br\/#website\",\"url\":\"https:\/\/imaginatica.com.br\/\",\"name\":\"Imagin\u00e1tica Comunica\u00e7\u00e3o\",\"description\":\"Ag\u00eancia de Marketing\",\"publisher\":{\"@id\":\"https:\/\/imaginatica.com.br\/#organization\"},\"potentialAction\":[{\"@type\":\"SearchAction\",\"target\":{\"@type\":\"EntryPoint\",\"urlTemplate\":\"https:\/\/imaginatica.com.br\/?s={search_term_string}\"},\"query-input\":{\"@type\":\"PropertyValueSpecification\",\"valueRequired\":true,\"valueName\":\"search_term_string\"}}],\"inLanguage\":\"pt-BR\"},{\"@type\":\"Organization\",\"@id\":\"https:\/\/imaginatica.com.br\/#organization\",\"name\":\"Imagin\u00e1tica Comunica\u00e7\u00e3o\",\"url\":\"https:\/\/imaginatica.com.br\/\",\"logo\":{\"@type\":\"ImageObject\",\"inLanguage\":\"pt-BR\",\"@id\":\"https:\/\/imaginatica.com.br\/#\/schema\/logo\/image\/\",\"url\":\"https:\/\/imaginatica.com.br\/wp-content\/uploads\/2022\/02\/cropped-logo_imaginaticaAsset-2-1.png\",\"contentUrl\":\"https:\/\/imaginatica.com.br\/wp-content\/uploads\/2022\/02\/cropped-logo_imaginaticaAsset-2-1.png\",\"width\":1920,\"height\":1078,\"caption\":\"Imagin\u00e1tica Comunica\u00e7\u00e3o\"},\"image\":{\"@id\":\"https:\/\/imaginatica.com.br\/#\/schema\/logo\/image\/\"}}]}<\/script>\n<!-- \/ Yoast SEO plugin. -->","yoast_head_json":{"title":"Imagin\u00e1tica Comunica\u00e7\u00e3o- Ag\u00eancia de Marketing Digital","robots":{"index":"index","follow":"follow","max-snippet":"max-snippet:-1","max-image-preview":"max-image-preview:large","max-video-preview":"max-video-preview:-1"},"canonical":"https:\/\/imaginatica.com.br\/index.php\/faztec\/","og_locale":"pt_BR","og_type":"article","og_title":"Imagin\u00e1tica Comunica\u00e7\u00e3o- Ag\u00eancia de Marketing Digital","og_description":"Logotipo Na cria\u00e7\u00e3o do logo usamos uma fonte que une o minimalismo e o futurista, trazendo uma tipografia sofisticada e que remetesse [&hellip;]","og_url":"https:\/\/imaginatica.com.br\/index.php\/faztec\/","og_site_name":"Imagin\u00e1tica Comunica\u00e7\u00e3o","article_modified_time":"2022-04-01T17:31:07+00:00","og_image":[{"url":"https:\/\/imaginatica.com.br\/wp-content\/uploads\/2022\/04\/logo-mockup-1024x1024.jpg"}],"twitter_card":"summary_large_image","twitter_misc":{"Est. tempo de leitura":"1 minuto"},"schema":{"@context":"https:\/\/schema.org","@graph":[{"@type":"WebPage","@id":"https:\/\/imaginatica.com.br\/index.php\/faztec\/","url":"https:\/\/imaginatica.com.br\/index.php\/faztec\/","name":"Imagin\u00e1tica Comunica\u00e7\u00e3o- Ag\u00eancia de Marketing Digital","isPartOf":{"@id":"https:\/\/imaginatica.com.br\/#website"},"primaryImageOfPage":{"@id":"https:\/\/imaginatica.com.br\/index.php\/faztec\/#primaryimage"},"image":{"@id":"https:\/\/imaginatica.com.br\/index.php\/faztec\/#primaryimage"},"thumbnailUrl":"https:\/\/imaginatica.com.br\/wp-content\/uploads\/2022\/04\/logo-mockup-1024x1024.jpg","datePublished":"2022-03-08T20:12:38+00:00","dateModified":"2022-04-01T17:31:07+00:00","breadcrumb":{"@id":"https:\/\/imaginatica.com.br\/index.php\/faztec\/#breadcrumb"},"inLanguage":"pt-BR","potentialAction":[{"@type":"ReadAction","target":["https:\/\/imaginatica.com.br\/index.php\/faztec\/"]}]},{"@type":"ImageObject","inLanguage":"pt-BR","@id":"https:\/\/imaginatica.com.br\/index.php\/faztec\/#primaryimage","url":"https:\/\/imaginatica.com.br\/wp-content\/uploads\/2022\/04\/logo-mockup-1024x1024.jpg","contentUrl":"https:\/\/imaginatica.com.br\/wp-content\/uploads\/2022\/04\/logo-mockup-1024x1024.jpg"},{"@type":"BreadcrumbList","@id":"https:\/\/imaginatica.com.br\/index.php\/faztec\/#breadcrumb","itemListElement":[{"@type":"ListItem","position":1,"name":"In\u00edcio","item":"https:\/\/imaginatica.com.br\/"},{"@type":"ListItem","position":2,"name":"Faztec"}]},{"@type":"WebSite","@id":"https:\/\/imaginatica.com.br\/#website","url":"https:\/\/imaginatica.com.br\/","name":"Imagin\u00e1tica Comunica\u00e7\u00e3o","description":"Ag\u00eancia de Marketing","publisher":{"@id":"https:\/\/imaginatica.com.br\/#organization"},"potentialAction":[{"@type":"SearchAction","target":{"@type":"EntryPoint","urlTemplate":"https:\/\/imaginatica.com.br\/?s={search_term_string}"},"query-input":{"@type":"PropertyValueSpecification","valueRequired":true,"valueName":"search_term_string"}}],"inLanguage":"pt-BR"},{"@type":"Organization","@id":"https:\/\/imaginatica.com.br\/#organization","name":"Imagin\u00e1tica Comunica\u00e7\u00e3o","url":"https:\/\/imaginatica.com.br\/","logo":{"@type":"ImageObject","inLanguage":"pt-BR","@id":"https:\/\/imaginatica.com.br\/#\/schema\/logo\/image\/","url":"https:\/\/imaginatica.com.br\/wp-content\/uploads\/2022\/02\/cropped-logo_imaginaticaAsset-2-1.png","contentUrl":"https:\/\/imaginatica.com.br\/wp-content\/uploads\/2022\/02\/cropped-logo_imaginaticaAsset-2-1.png","width":1920,"height":1078,"caption":"Imagin\u00e1tica Comunica\u00e7\u00e3o"},"image":{"@id":"https:\/\/imaginatica.com.br\/#\/schema\/logo\/image\/"}}]}},"_links":{"self":[{"href":"https:\/\/imaginatica.com.br\/index.php\/wp-json\/wp\/v2\/pages\/283"}],"collection":[{"href":"https:\/\/imaginatica.com.br\/index.php\/wp-json\/wp\/v2\/pages"}],"about":[{"href":"https:\/\/imaginatica.com.br\/index.php\/wp-json\/wp\/v2\/types\/page"}],"author":[{"embeddable":true,"href":"https:\/\/imaginatica.com.br\/index.php\/wp-json\/wp\/v2\/users\/1"}],"replies":[{"embeddable":true,"href":"https:\/\/imaginatica.com.br\/index.php\/wp-json\/wp\/v2\/comments?post=283"}],"version-history":[{"count":100,"href":"https:\/\/imaginatica.com.br\/index.php\/wp-json\/wp\/v2\/pages\/283\/revisions"}],"predecessor-version":[{"id":1162,"href":"https:\/\/imaginatica.com.br\/index.php\/wp-json\/wp\/v2\/pages\/283\/revisions\/1162"}],"wp:attachment":[{"href":"https:\/\/imaginatica.com.br\/index.php\/wp-json\/wp\/v2\/media?parent=283"}],"curies":[{"name":"wp","href":"https:\/\/api.w.org\/{rel}","templated":true}]}}